{"id":5,"date":"2017-08-02T08:57:43","date_gmt":"2017-08-02T08:57:43","guid":{"rendered":"http:\/\/codeless.co\/handel\/corporate\/?page_id=5"},"modified":"2022-04-24T22:11:16","modified_gmt":"2022-04-24T19:11:16","slug":"home","status":"publish","type":"page","link":"https:\/\/narimanovbelediyyesi.az\/site3\/","title":{"rendered":"Home"},"content":{"rendered":"<p>[cl_row row_type=&#8221;container-fluid&#8221; columns_gap=&#8221;0&#8243; device_visibility=&#8221;0:hidden-xs&#8221; css_style=&#8221;padding-top:0px|padding-bottom:0px&#8221;][cl_column horizontal_align=&#8221;middle&#8221; device_visibility=&#8221;`{`object Object`}`&#8221; css_style=&#8221;padding-top:0px|padding-bottom:0px&#8221; background_position=&#8221;center center&#8221; background_attachment=&#8221;fixed&#8221; background_blend=&#8221;multiply&#8221; background_image=&#8221;id:1406|url:http%253A%252F%252Fnarimanovbelediyyesi.az%252Fsite3%252Fwp-content%252Fuploads%252F2022%252F01%252FAzerbaijan-Flag-Loop-e1643566275694.jpg&#8221; border_color=&#8221;#102b68&#8243;][cl_revslider slides=&#8221;slider-2&#8243; css_style=&#8221;margin-top:5px&#8221;][\/cl_column][\/cl_row][cl_row device_visibility=&#8221;`{`object Object`}`&#8221; css_style=&#8221;padding-top:45px|padding-bottom:60px&#8221;][cl_column device_visibility=&#8221;`{`object Object`}`&#8221; css_style=&#8221;padding-bottom:0px&#8221;][cl_custom_heading css_style=&#8221;margin-top:15px&#8221;]<\/p>\n<p style=\"text-align: center;\">SON X\u018fB\u018fRL\u018fR<\/p>\n<p>[\/cl_custom_heading][cl_divider height=&#8221;4&#8243; width_full=&#8221;0&#8243; width=&#8221;107&#8243; align=&#8221;center_divider&#8221; css_style=&#8221;margin-top:10px|margin-bottom:35px&#8221; color=&#8221;#a8db51&#8243;][cl_blog blog_animation=&#8221;alpha-anim&#8221; image_size=&#8221;blog_custom&#8221; carousel=&#8221;1&#8243; categories=&#8221;0:2&#8243; css_style=&#8221;margin-top:46px&#8221; blog_simple=&#8221;0&#8243;][\/cl_column][\/cl_row][cl_row device_visibility=&#8221;`{`object Object`}`&#8221; css_style=&#8221;padding-top:45px|padding-bottom:45px|border-top-width:1px|border-bottom-width:1px&#8221; background_color=&#8221;#f3f3f3&#8243; border_color=&#8221;#e1e1e1&#8243;][cl_column device_visibility=&#8221;`{`object Object`}`&#8221; css_style=&#8221;padding-bottom:0px&#8221;][cl_custom_heading typography=&#8221;h4&#8243; css_style=&#8221;margin-top:20px&#8221;]<\/p>\n<p class=\"\" style=\"text-align: center;\">Az\u0259rbaycan Respublikas\u0131nda ilk b\u0259l\u0259diyy\u0259 se\u00e7kil\u0259ri 12 dekabr 1999-cu ild\u0259 ke\u00e7irilmi\u015fdir.<\/p>\n<p>[\/cl_custom_heading][cl_custom_heading css_style=&#8221;margin-top:15px&#8221;]<\/p>\n<p style=\"text-align: center;\">n\u0259rimanov rayon b\u0259l\u0259diyy\u0259si HAQQInDA<\/p>\n<p>[\/cl_custom_heading][cl_text margin_paragraphs=&#8221;19&#8243; custom_typography=&#8221;1&#8243; css_style=&#8221;margin-top:35px&#8221; text_color=&#8221;#000000&#8243;]<\/p>\n<p style=\"margin-top: 19px; margin-bottom: 19px;\" align=\"center\">N\u0259rimanov rayon b\u0259l\u0259diyy\u0259si 2003 ild\u0259 yarad\u0131lm\u0131\u015fd\u0131r<\/p>\n<p>[\/cl_text][\/cl_column][\/cl_row][cl_row device_visibility=&#8221;`{`object Object`}`&#8221; css_style=&#8221;padding-top:75px|padding-bottom:55px&#8221;][cl_column device_visibility=&#8221;`{`object Object`}`&#8221; css_style=&#8221;padding-top:20px|padding-bottom:20px&#8221;][cl_text css_style=&#8221;margin-top:35px&#8221;]<\/p>\n<h2 style=\"text-align: center;\"><strong>Bak\u0131 \u015f\u0259h\u0259ri &#8211; N\u0259riman N\u0259rimanov rayonu<\/strong><\/h2>\n<p>[\/cl_text][\/cl_column][cl_column width=&#8221;1\/4&#8243; animation_speed=&#8221;300&#8243; device_visibility=&#8221;0:none_&#8221; css_style=&#8221;margin-top:m|margin-bottom:m|margin-left:m|margin-right:m|padding-top:m|padding-bottom:m|padding-left:m|padding-right:m|border-top-width:m|border-bottom-width:m|border-left-width:m|border-right-width:m&#8221; background_image=&#8221;id:|mime:|url:&#8221;][cl_media lightbox=&#8221;1&#8243; image_size=&#8221;image&#8221; css_style=&#8221;margin-top:m|margin-bottom:m|margin-left:m|margin-right:m|padding-top:m|padding-bottom:m|padding-left:m|padding-right:m|border-top-width:m|border-bottom-width:m|border-left-width:m|border-right-width:m&#8221; image=&#8221;id:1704|mime:undefined|url:https%3A%2F%2Fnarimanovbelediyyesi.az%2Fwp-content%2Fuploads%2F2022%2F04%2Fheyder-150&#215;150.jpg&#8221;][cl_text css_style=&#8221;margin-top:m|margin-bottom:m|margin-left:m|margin-right:m|padding-top:m|padding-bottom:m|padding-left:m|padding-right:m|border-top-width:m|border-bottom-width:m|border-left-width:m|border-right-width:m&#8221;]<span style=\"color: #000000;\">Bak\u0131 \u015f\u0259h\u0259ri, Heyd\u0259r \u018fliyev M\u0259rk\u0259zi<\/span>[\/cl_text][\/cl_column][cl_column width=&#8221;1\/4&#8243; animation_speed=&#8221;300&#8243; device_visibility=&#8221;0:none_&#8221; css_style=&#8221;margin-top:m|margin-bottom:m|margin-left:m|margin-right:m|padding-top:m|padding-bottom:m|padding-left:m|padding-right:m|border-top-width:m|border-bottom-width:m|border-left-width:m|border-right-width:m&#8221; text_color=&#8221;light-text&#8221; background_image=&#8221;id:|mime:|url:&#8221;][cl_media lightbox=&#8221;1&#8243; css_style=&#8221;margin-top:m|margin-bottom:m|margin-left:m|margin-right:m|padding-top:m|padding-bottom:m|padding-left:m|padding-right:m|border-top-width:m|border-bottom-width:m|border-left-width:m|border-right-width:m&#8221; image=&#8221;id:1705|mime:undefined|url:https%3A%2F%2Fnarimanovbelediyyesi.az%2Fwp-content%2Fuploads%2F2022%2F04%2Falbert-150&#215;150.jpg&#8221;][cl_text css_style=&#8221;margin-top:m|margin-bottom:m|margin-left:m|margin-right:m|padding-top:m|padding-bottom:m|padding-left:m|padding-right:m|border-top-width:m|border-bottom-width:m|border-left-width:m|border-right-width:m&#8221;]<span style=\"color: #000000;\">Az\u0259rbaycan\u0131n Milli Q\u0259hr\u0259man\u0131, Albert Aqarunovun heyk\u0259li<br \/>\n<\/span>[\/cl_text][\/cl_column][cl_column width=&#8221;1\/4&#8243; device_visibility=&#8221;0:none_&#8221; css_style=&#8221;margin-top:m|margin-bottom:m|margin-left:m|margin-right:m|padding-top:m|padding-bottom:m|padding-left:m|padding-right:m|border-top-width:m|border-bottom-width:m|border-left-width:m|border-right-width:m&#8221; background_image=&#8221;id:id%3Aid%253Aid%25253A%25257Cmime%25253A%25257Curl%25253A%257Cmime%253A%257Curl%253A%7Cmime%3A%7Curl%3A|mime:|url:&#8221;][cl_media lightbox=&#8221;1&#8243; image_size=&#8221;image&#8221; css_style=&#8221;margin-top:m|margin-bottom:m|margin-left:m|margin-right:m|padding-top:m|padding-bottom:m|padding-left:m|padding-right:m|border-top-width:m|border-bottom-width:m|border-left-width:m|border-right-width:m&#8221; image=&#8221;id:1713|mime:undefined|url:https%3A%2F%2Fnarimanovbelediyyesi.az%2Fwp-content%2Fuploads%2F2022%2F04%2Fdedeqorqud-150&#215;150.jpg&#8221;][cl_text css_style=&#8221;margin-top:m|margin-bottom:m|margin-left:m|margin-right:m|padding-top:m|padding-bottom:m|padding-left:m|padding-right:m|border-top-width:m|border-bottom-width:m|border-left-width:m|border-right-width:m&#8221;]<span style=\"color: #000000;\">D\u0259d\u0259 Qorqud park\u0131<\/span>[\/cl_text][\/cl_column][cl_column width=&#8221;1\/4&#8243; animation_speed=&#8221;300&#8243; device_visibility=&#8221;0:none_&#8221; css_style=&#8221;margin-top:m|margin-bottom:m|margin-left:m|margin-right:m|padding-top:m|padding-bottom:m|padding-left:m|padding-right:m|border-top-width:m|border-bottom-width:m|border-left-width:m|border-right-width:m&#8221; background_image=&#8221;id:id%3A%7Cmime%3A%7Curl%3A|mime:|url:&#8221;][cl_media lightbox=&#8221;1&#8243; image_size=&#8221;image&#8221; css_style=&#8221;margin-top:m|margin-bottom:m|margin-left:m|margin-right:m|padding-top:m|padding-bottom:m|padding-left:m|padding-right:m|border-top-width:m|border-bottom-width:m|border-left-width:m|border-right-width:m&#8221; image=&#8221;id:1708|mime:undefined|url:https%3A%2F%2Fnarimanovbelediyyesi.az%2Fwp-content%2Fuploads%2F2022%2F04%2FBaku_Zoo-150&#215;150.jpg&#8221;][cl_text css_style=&#8221;margin-top:m|margin-bottom:m|margin-left:m|margin-right:m|padding-top:m|padding-bottom:m|padding-left:m|padding-right:m|border-top-width:m|border-bottom-width:m|border-left-width:m|border-right-width:m&#8221;]<span style=\"color: #000000;\">Bak\u0131 \u015f\u0259h\u0259r zoopark\u0131<\/span>[\/cl_text][\/cl_column][\/cl_row][cl_row device_visibility=&#8221;`{`object Object`}`&#8221; css_style=&#8221;padding-top:25px|padding-bottom:25px&#8221;][cl_column device_visibility=&#8221;`{`object Object`}`&#8221; css_style=&#8221;padding-top:20px|padding-bottom:20px&#8221;][cl_text css_style=&#8221;margin-top:m|margin-bottom:m|margin-left:m|margin-right:m|padding-top:m|padding-bottom:m|padding-left:m|padding-right:m|border-top-width:m|border-bottom-width:m|border-left-width:m|border-right-width:m&#8221;]<\/p>\n<h2 style=\"text-align: center;\"><strong>Biziml\u0259 \u0259laq\u0259<\/strong><\/h2>\n<p>[\/cl_text][\/cl_column][cl_column width=&#8221;1\/2&#8243; device_visibility=&#8221;0:none_&#8221; css_style=&#8221;margin-top:p|margin-bottom:p|margin-left:p|margin-right:p|padding-top:p|padding-bottom:p|padding-left:p|padding-right:p|border-top-width:p|border-bottom-width:p|border-left-width:p|border-right-width:p&#8221; background_color=&#8221;#d0d6c9&#8243; background_image=&#8221;id:id%3A%7Cmime%3A%7Curl%3A|mime:|url:&#8221;][cl_text css_style=&#8221;margin-top:m|margin-bottom:m|margin-left:m|margin-right:m|padding-top:m|padding-bottom:m|padding-left:m|padding-right:m|border-top-width:m|border-bottom-width:m|border-left-width:m|border-right-width:m&#8221;]<\/p>\n<h4><\/h4>\n<h4 style=\"text-align: center;\"><strong>E-m\u0259ktub<\/strong><\/h4>\n<p>[\/cl_text][cl_contact_form7 id=&#8221;1710&#8243; style=&#8221;none&#8221; css_style=&#8221;margin-top:m|margin-bottom:m|margin-left:m|margin-right:m|padding-top:m|padding-bottom:m|padding-left:m|padding-right:m|border-top-width:m|border-bottom-width:m|border-left-width:m|border-right-width:m&#8221;][\/cl_column][cl_column width=&#8221;1\/2&#8243; device_visibility=&#8221;0:none_&#8221; css_style=&#8221;margin-top:p|margin-bottom:p|margin-left:p|margin-right:p|padding-top:p|padding-bottom:p|padding-left:p|padding-right:p|border-top-width:p|border-bottom-width:p|border-left-width:p|border-right-width:p&#8221; border_rounded=&#8221;1&#8243; background_image=&#8221;id:id%3A%7Cmime%3A%7Curl%3A|mime:|url:&#8221; border_color=&#8221;#1d5dc4&#8243;][cl_text css_style=&#8221;margin-top:m|margin-bottom:m|margin-left:m|margin-right:m|padding-top:m|padding-bottom:m|padding-left:m|padding-right:m|border-top-width:m|border-bottom-width:m|border-left-width:m|border-right-width:m&#8221;]<\/p>\n<h4><\/h4>\n<h3 style=\"text-align: center;\">\u0130nteraktiv x\u0259rit\u0259<\/h3>\n<p style=\"text-align: center;\"><em><strong>Bak\u0131 \u015f\u0259h\u0259ri, Sabit R\u0259hman k\u00fc\u00e7\u0259si, 53A<\/strong><\/em><\/p>\n<p>[\/cl_text][cl_divider height=&#8221;3&#8243; css_style=&#8221;margin-top:m|margin-bottom:m|margin-left:m|margin-right:m|padding-top:m|padding-bottom:m|padding-left:m|padding-right:m|border-top-width:m|border-bottom-width:m|border-left-width:m|border-right-width:m&#8221; color=&#8221;#28406d&#8221;][cl_text custom_typography=&#8221;0&#8243; custom_responsive_992_bool=&#8221;0&#8243; custom_responsive_768_bool=&#8221;0&#8243; css_style=&#8221;margin-top:m|margin-bottom:m|margin-left:m|margin-right:m|padding-top:m|padding-bottom:m|padding-left:m|padding-right:m|border-top-width:m|border-bottom-width:m|border-left-width:m|border-right-width:m&#8221;]<script type=\"text\/javascript\" charset=\"utf-8\" async src=\"https:\/\/api-maps.yandex.ru\/services\/constructor\/1.0\/js\/?um=constructor%3Ae1325bd33d45a8906df294d64d7aeb5d446a94450d7f00b3ce2cfb2bfe8e90b1&amp;width=600&amp;height=720&amp;lang=az_AZ&amp;scroll=true\"><\/script>[\/cl_text][\/cl_column][\/cl_row]<\/p>\n","protected":false},"excerpt":{"rendered":"<p>[cl_row row_type=&#8221;container-fluid&#8221; columns_gap=&#8221;0&#8243; device_visibility=&#8221;0:hidden-xs&#8221; css_style=&#8221;padding-top:0px|padding-bottom:0px&#8221;][cl_column horizontal_align=&#8221;middle&#8221; device_visibility=&#8221;`{`object Object`}`&#8221; css_style=&#8221;padding-top:0px|padding-bottom:0px&#8221; background_position=&#8221;center center&#8221; background_attachment=&#8221;fixed&#8221; background_blend=&#8221;multiply&#8221; background_image=&#8221;id:1406|url:http%253A%252F%252Fnarimanovbelediyyesi.az%252Fsite3%252Fwp-content%252Fuploads%252F2022%252F01%252FAzerbaijan-Flag-Loop-e1643566275694.jpg&#8221; border_color=&#8221;#102b68&#8243;][cl_revslider slides=&#8221;slider-2&#8243; css_style=&#8221;margin-top:5px&#8221;][\/cl_column][\/cl_row][cl_row device_visibility=&#8221;`{`object Object`}`&#8221; css_style=&#8221;padding-top:45px|padding-bottom:60px&#8221;][cl_column device_visibility=&#8221;`{`object Object`}`&#8221; css_style=&#8221;padding-bottom:0px&#8221;][cl_custom_heading css_style=&#8221;margin-top:15px&#8221;] SON X\u018fB\u018fRL\u018fR [\/cl_custom_heading][cl_divider height=&#8221;4&#8243; width_full=&#8221;0&#8243; width=&#8221;107&#8243; align=&#8221;center_divider&#8221; css_style=&#8221;margin-top:10px|margin-bottom:35px&#8221; color=&#8221;#a8db51&#8243;][cl_blog blog_animation=&#8221;alpha-anim&#8221; image_size=&#8221;blog_custom&#8221; carousel=&#8221;1&#8243; categories=&#8221;0:2&#8243; css_style=&#8221;margin-top:46px&#8221; blog_simple=&#8221;0&#8243;][\/cl_column][\/cl_row][cl_row device_visibility=&#8221;`{`object Object`}`&#8221; css_style=&#8221;padding-top:45px|padding-bottom:45px|border-top-width:1px|border-bottom-width:1px&#8221; background_color=&#8221;#f3f3f3&#8243; border_color=&#8221;#e1e1e1&#8243;][cl_column device_visibility=&#8221;`{`object Object`}`&#8221; css_style=&#8221;padding-bottom:0px&#8221;][cl_custom_heading typography=&#8221;h4&#8243; css_style=&#8221;margin-top:20px&#8221;] Az\u0259rbaycan Respublikas\u0131nda ilk b\u0259l\u0259diyy\u0259 se\u00e7kil\u0259ri 12 dekabr 1999-cu ild\u0259 ke\u00e7irilmi\u015fdir. [\/cl_custom_heading][cl_custom_heading css_style=&#8221;margin-top:15px&#8221;] n\u0259rimanov [&hellip;]<\/p>\n","protected":false},"author":1,"featured_media":0,"parent":0,"menu_order":0,"comment_status":"closed","ping_status":"closed","template":"","meta":[],"_links":{"self":[{"href":"https:\/\/narimanovbelediyyesi.az\/site3\/wp-json\/wp\/v2\/pages\/5"}],"collection":[{"href":"https:\/\/narimanovbelediyyesi.az\/site3\/wp-json\/wp\/v2\/pages"}],"about":[{"href":"https:\/\/narimanovbelediyyesi.az\/site3\/wp-json\/wp\/v2\/types\/page"}],"author":[{"embeddable":true,"href":"https:\/\/narimanovbelediyyesi.az\/site3\/wp-json\/wp\/v2\/users\/1"}],"replies":[{"embeddable":true,"href":"https:\/\/narimanovbelediyyesi.az\/site3\/wp-json\/wp\/v2\/comments?post=5"}],"version-history":[{"count":32,"href":"https:\/\/narimanovbelediyyesi.az\/site3\/wp-json\/wp\/v2\/pages\/5\/revisions"}],"predecessor-version":[{"id":1750,"href":"https:\/\/narimanovbelediyyesi.az\/site3\/wp-json\/wp\/v2\/pages\/5\/revisions\/1750"}],"wp:attachment":[{"href":"https:\/\/narimanovbelediyyesi.az\/site3\/wp-json\/wp\/v2\/media?parent=5"}],"curies":[{"name":"wp","href":"https:\/\/api.w.org\/{rel}","templated":true}]}}